{"id":193,"date":"2019-10-17T16:32:58","date_gmt":"2019-10-17T16:32:58","guid":{"rendered":"http:\/\/semiootika.ee\/semiootikasugiskool\/?page_id=193"},"modified":"2019-10-17T21:05:15","modified_gmt":"2019-10-17T21:05:15","slug":"xiii-sugiskool","status":"publish","type":"page","link":"http:\/\/semiootika.ee\/semiootikasugiskool\/sugiskoolidest\/xiii-sugiskool\/","title":{"rendered":"XIII SEMIOOTIKA S\u00dcGISKOOL"},"content":{"rendered":"\n<h3>XIII Semiootika S\u00fcgiskool \u201cTartu Semiootika 180\u201d<\/h3>\n\n\n\n<p><\/p>\n\n\n\n<p>XIII semiootika s\u00fcgiskooli teemaks on \u201cTartu Semiootika 180\u201d. 2012. aastal on 60-aasta juubel nii \u00dclle P\u00e4rlil, Mihhail Lotmanil kui ka Kalevi Kullil. \u00dcritus on austusavaldus armastatud \u00f5ppej\u00f5ududele, s\u00e4ravatele kolleegidele ning semiootikale Tartus ja kunagistele kohtumistele K\u00e4\u00e4rikul.<\/p>\n\n\n\n<p>Kavaplaan (teemad t\u00e4psustuvad, ajakava v\u00f5ib muutuda):<\/p>\n\n\n\n<h4>3. november<\/h4>\n\n\n\n<p>9.00 Bussis\u00f5it algab Vanemuise alumisest parklast<br>10.00 saabumine ja seljasirutus<br>10.30 tervitus- ja avas\u00f5nad<br>10.45 <strong>Peeter Torop<\/strong> Juri Lotman ja Tartu semiootika 180<br>11.30 Kahek\u00f5ne: <strong>Mihhail Lotman<\/strong> ja <strong>Kalevi Kull<\/strong>, modereerib <strong>Silver Rattasepp<\/strong> (oodatud k\u00fcsimused kuulajailt)<br>12.30 paus kohvi ja k\u00fcpsisega<br>13.00 <strong>Andreas Ventsel <\/strong>Visuaalne nimetamine<br>13.30 <strong>Anneli Mihkelev<\/strong> M\u00e4lestusi semiootikadoktoriks saamisest ja mis selle k\u00f5rvale veel mahtus<\/p>\n\n\n\n<p>14.00-15.00 L\u00f5unas\u00f6\u00f6k<\/p>\n\n\n\n<p>II pool<\/p>\n\n\n\n<p>15.00 <strong>\u00dclle P\u00e4rli<\/strong> \u201cK\u00f5igel on k\u00f5igega seos\u2026\u201d<br>15.30 <strong>Eleonora Rudakovskaja-Borissova<\/strong><br>16.00 paus kohvi ja koogiga<br>16.30 <strong>Eva Lepik<\/strong><br>17.00 <strong>Viivian J\u00f5emets<\/strong> \u00d5petamisest<br>17.30 <strong>Andres Luure<\/strong> Armastusest<\/p>\n\n\n\n<p>18.00 \u00d5htus\u00f6\u00f6k<\/p>\n\n\n\n<p>20.00 Meelelahutus muusika ja visuaaliga<\/p>\n\n\n\n<h4>4. november<\/h4>\n\n\n\n<p>9.30 Hommikus\u00f6\u00f6k<br>10.30 Konspektid k\u00f5nelevad<br>11.00 S\u00f5nav\u00f5tud ja kokkuv\u00f5tud<\/p>\n\n\n\n<p>13.00 Tagasis\u00f5it Tartusse<\/p>\n\n\n\n<p>Korralduslikku infot:<\/p>\n\n\n\n<p>Toimumisaeg: 3-4. november 2012<br>Toimumiskoht: K\u00e4\u00e4riku Puhke- ja Spordikeskus<br>Osalustasu: 15 eurot (katab transporti Tartust ja Tartusse, \u00f6\u00f6bimist ja s\u00f6\u00f6mist)<br>Registreerumist\u00e4htaeg: 20. oktoober<br>Registreerumine on kinnitatud osalustasu maksmisel Eesti Semiootika Seltsi arveldusarvele: 334409040007 (Sampo pank) ja m\u00e4rks\u00f5naks \u201cS\u00fcgiskool\u201d.<\/p>\n\n\n\n<p>Lisainfo: \u00fcldkorralduslik info ja \u00f6\u00f6bimine \u2013 Katre V\u00e4li (katre.vali@ut.ee) ja Mirjam Parve (mirjamparve@gmail.com)<br>\u00f5htune programm ja ettekanded \u2013 Iiris Viirpalu (iiris.viirpalu@gmail.com)<\/p>\n","protected":false},"excerpt":{"rendered":"<p>XIII Semiootika S\u00fcgiskool \u201cTartu Semiootika 180\u201d XIII semiootika s\u00fcgiskooli teemaks on \u201cTartu Semiootika 180\u201d. 2012. aastal on 60-aasta juubel nii&hellip;<\/p>\n","protected":false},"author":1,"featured_media":0,"parent":30,"menu_order":0,"comment_status":"closed","ping_status":"closed","template":"","meta":[],"_links":{"self":[{"href":"http:\/\/semiootika.ee\/semiootikasugiskool\/wp-json\/wp\/v2\/pages\/193"}],"collection":[{"href":"http:\/\/semiootika.ee\/semiootikasugiskool\/wp-json\/wp\/v2\/pages"}],"about":[{"href":"http:\/\/semiootika.ee\/semiootikasugiskool\/wp-json\/wp\/v2\/types\/page"}],"author":[{"embeddable":true,"href":"http:\/\/semiootika.ee\/semiootikasugiskool\/wp-json\/wp\/v2\/users\/1"}],"replies":[{"embeddable":true,"href":"http:\/\/semiootika.ee\/semiootikasugiskool\/wp-json\/wp\/v2\/comments?post=193"}],"version-history":[{"count":2,"href":"http:\/\/semiootika.ee\/semiootikasugiskool\/wp-json\/wp\/v2\/pages\/193\/revisions"}],"predecessor-version":[{"id":353,"href":"http:\/\/semiootika.ee\/semiootikasugiskool\/wp-json\/wp\/v2\/pages\/193\/revisions\/353"}],"up":[{"embeddable":true,"href":"http:\/\/semiootika.ee\/semiootikasugiskool\/wp-json\/wp\/v2\/pages\/30"}],"wp:attachment":[{"href":"http:\/\/semiootika.ee\/semiootikasugiskool\/wp-json\/wp\/v2\/media?parent=193"}],"curies":[{"name":"wp","href":"https:\/\/api.w.org\/{rel}","templated":true}]}}